 x**3 - o*x**3 - x**2 + 31 - 32. Determine j(0).
-1
Let b(c) = -30*c - 2*c**3 + 12*c + 6 - 5 + 19*c. Determine b(2).
-13
Let w(o) = -o - 4. Let c(j) = -j**2 + 18*j + 59. Let l = 927 + -906. Let t be c(l). Determine w(t).
0
Let u(f) be the second derivative of f**5/20 + 5*f**4/12 + 2*f**3/3 - 3*f**2/2 + 5*f. Suppose -94*c + 99*c + 17 = -s, 0 = c - 2*s + 10. Calculate u(c).
-3
Let o(n) = -2*n**3 - 9*n**2 + 16*n - 10. Let q be o(-6). Let u(v) be the first derivative of 1 + 6*v + 1/4*v**4 + 2*v**3 + 2*v**q. What is u(-6)?
-18
Let x(a) = 2*a**3 + 6 - 3*a**3 + 17*a**2 - 2 + 4 - 10*a**2 + 7*a. Calculate x(8).
0
Let z(p) = 4*p + 6. Let v(a) = -16*a - 28. Let q(h) = -3*v(h) - 14*z(h). Calculate q(-3).
24
Let r be (27/6 + -2)*(-48)/40. Let d be 9/(-12)*(-24)/9. Let i(k) = -d*k**2 + 16 - 4*k - 8 - 3 - 6. What is i(r)?
-7
Let k(x) = 6*x**3 + 3*x - 2*x - 4*x**2 - 5*x**3 + 0*x**2 - 1. Suppose -79*n - 92 = -102*n. Give k(n).
3
Let l(i) be the first derivative of i**2/2 - 2*i + 134. Let f = 23 + -21. Give l(f).
0
Let n(r) = -r - 4. Suppose -5*l - 45 + 40 = 0. Let k be (14/(-4))/(l/2). Give n(k).
-11
Let o(j) = -488*j + 11 - 2 + 489*j - 3. Determine o(4).
10
Let u(n) = n**3 + 3*n**2 + 2*n + 9. Let f(i) = i**2 - 328*i + 971. Let m be f(3). Give u(m).
-15
Let b(y) be the first derivative of 11*y**2/2 + 27*y - 6041. Give b(0).
27
Suppose 0 = 6*d + 8 - 92. Let c(i) = -i - 2*i + d*i - 6*i - 2*i - 1. Determine c(-4).
-13
Let k(t) = 1937 - 3*t - 9*t + 0*t**2 - t**2 - 1962. Determine k(-11).
-14
Let d(z) be the second derivative of -z**4/12 + 7*z**3/3 - 23*z**2/2 - 2*z - 488. What is d(11)?
10
Let y(p) be the first derivative of p**3/3 + 10*p**2 - 67*p + 162. Calculate y(-23).
2
Let j(r) = -r**3 - 8*r + 5. Let t(y) = y**3 + 15*y - 9. Let n(w) = -11*j(w) - 6*t(w). Let i be 5 + (-6)/(-1) + 312/(-26). Give n(i).
-4
Suppose 0 = 2*s + 5*m + 2, -3*s = -5*m + 10*m - 2. Suppose -3*g = s*q + 43 - 44, -4*g = -2*q + 28. Let r(a) = -3*a**2 + 4*a**2 + 4*a + 1 + 2*a. Determine r(g).
-4
Let a(o) = o**3 + 11*o**2 + o + 26. Suppose -15 = 5*x, 0 = 5*j - 3*x + 117 - 71. Calculate a(j).
15
Let k(c) = c - 3*c**2 - 8*c**2 - 5 + 3*c**2 + c**3. Suppose -m = -2, 3*q - 2*m = -0*q + 143. Suppose -3*h + 9 = t - 8, -5*t + q = 3*h. Calculate k(t).
3
Let s(d) = 56*d**3 + 63*d**2 - 4*d + 4. Let j(p) = -112*p**3 - 142*p**2 + 9*p - 9. Let g(q) = 4*j(q) + 9*s(q). Determine g(-1).
-57
Suppose -4843 = 1630*l + 3307. Let c(u) = -5*u**3 - 4*u - 9. Let d(z) = 9*z**3 - z**2 + 7*z + 17. Let a(v) = -11*c(v) - 6*d(v). What is a(l)?
12
Let q = -294 - -420. Let p(v) = 0 - 3 - 127*v**2 - 5 + q*v**2 - 15*v. Give p(-15).
-8
Let g(h) be the third derivative of h**6/120 - 13*h**5/60 - h**4/12 + 7*h**3/6 - h**2 - 130*h + 5. Give g(13).
-19
Let j(s) = -2*s**2 - 5*s + 4. Suppose z + 3*z = -4*w, 3*w - 6 = -z. Suppose 20 = 5*x, -w*p + 7*p = x. Calculate j(p).
-3
Let v(x) = 5*x - 3*x**3 - 235*x**2 + 229*x**2 + 4*x**3 + 4. Let s(n) = -2*n**2 + 10*n - 4. Let z be s(4). What is v(z)?
-8
Let x be 2 - (13 + -1)/(-3). Let w(y) = -23 + 29 + 2*y + 2*y - y. Calculate w(x).
24
Suppose -5*h - 2*h + 35 = 0. Suppose -5 = -h*l + 15. Let t(s) be the first derivative of -2*s**2 + 2*s - 7. Determine t(l).
-14
Let d(t) be the first derivative of 2*t**2 - 51*t - 1347. Calculate d(8).
-19
Let d(c) be the second derivative of -c**5/12 + c**4/12 - 13*c**3/2 - 3*c**2/2 + 2*c - 73. Let m(v) be the second derivative of d(v). What is m(-3)?
32
Let b = 41979 + -41990. Let u(f) = f**3 + 11*f**2 - 5*f - 17. Calculate u(b).
38
Let l(g) = -19*g - 126. Let a(u) = -21*u - 138. Let h(x) = -10*a(x) + 11*l(x). What is h(7)?
1
Let o(a) = a. Suppose t - 8 = -2*x, 3 = 3*x - 0. Let h(d) = -1 + 30*d**2 - 3*d + 2*d - 55*d**2 + 24*d**2. Let z(w) = t*o(w) + 2*h(w). Give z(2).
-2
Let z(a) = a**3 - 13*a**2 + 10*a + 12. Suppose 5 = 4*w - 3. Suppose -8 = -6*c + 5*c + 2*l, w*c + 5*l - 34 = 0. Give z(c).
-12
Suppose 2719*m - 2722*m - 20 = 4. Let d(f) = -2*f**3 - 17*f**2 - 11*f - 19. Determine d(m).
5
Let s(j) = -16*j**3 + 7*j**3 + 4 + 7*j + 11*j**3 - 86*j**2 + 20 + 65*j**2. Calculate s(10).
-6
Let v(h) = -4*h + 31. Let i = -2889 + 2895. Determine v(i).
7
Let s(f) = -3*f**3 - 19 + f**3 + 7516*f + 14*f**2 - 7526*f - 6*f**3 + 7*f**3. Give s(13).
20
Let d(i) be the third derivative of i**6/120 + i**5/60 - i**4/12 + i**3/6 + i**2. Let a(t) = -101*t + 5. Let h be a(-2). Let j = h - 209. Determine d(j).
1
Let s(p) be the first derivative of -4*p**2 - 4*p + 254. Give s(2).
-20
Let x(h) be the first derivative of h**4/4 - 17*h**3/3 + 15*h**2/2 + 21*h + 20. Let r be x(16). Let d(l) = -l**3 + 6*l**2 - 3*l - 3. What is d(r)?
7
Let d(x) = -5*x**2 + 10*x + 2. Let k(m) be the second derivative of 7*m**4/12 - 8*m**3/3 - 3*m**2/2 + 49*m. Let w(q) = 8*d(q) + 5*k(q). Determine w(-1).
-4
Let v = 7676 - 7682. Let n(m) = -m**2 - 4*m + 7. Give n(v).
-5
Suppose -4*g + 55 = -4*c - 97, c = -5. Suppose -6*i + 87 = g. Let n(a) = -a**2 + 10*a - 2. Calculate n(i).
7
Let c(g) = -11*g**3 + g**2 - 33*g + 2. Let d(v) = -24*v**3 + 4*v**2 - 71*v + 4. Let s(f) = 13*c(f) - 6*d(f). Determine s(11).
-31
Let l(f) = -232*f**2 + 14*f**2 - 7 + 11*f**2 + 205*f**2 - f. Give l(0).
-7
Let h(r) = r**3 + 12*r**2 - 29*r - 11. Let s be h(-14). Let y(a) = 3*a + a - 108 + 111 - s*a. What is y(3)?
6
Let p(a) = a**3 + 9*a**2 - 9*a + 6. Let y be -2*(3 + -1 + 0)*-1. Suppose -15*i = -y*i + 110. What is p(i)?
-4
Let s(f) = f**2. Let i be (-2 - -8) + 0 + -3. Suppose o - 3*w - 2 = 6*o, -o - i*w = -2. Let n be (o - 4)/(4 + 1 + -6). Give s(n).
25
Suppose -23*f - 169 = -10*f. Let z(n) = n**3 + 14*n**2 + 14*n + 25. Give z(f).
12
Let t(d) = -18*d - 107. Let p(f) = 2*f - 1. Let s(c) = -2*p(c) - t(c). Let a be s(-8). Let n(o) = -o**2 - o + 1. Give n(a).
-5
Let v(i) = i**3 - 2*i**2 + i - 5. Suppose 70*h + 5*b = 69*h, h + b = 4. Determine v(h).
75
Let i = 2704 + -2707. Let g(x) = 2*x**3 + 7*x**2 + x - 2. What is g(i)?
4
Suppose -29*p + 4*r = -26*p + 11, 4*p + r = 36. Let u(q) = 4*q**2 - 16*q + 10. Determine u(p).
94
Let u(r) = 9*r + 12*r - 766 + r**2 + 786. Calculate u(-1).
0
Let t(h) = 16*h - 34. Let m(g) = 10*g + g - 2*g + 6 - 24. Let i(p) = 7*m(p) - 4*t(p). Determine i(11).
-1
Suppose -25*b + 22*b = -42. Let j be 60/35 - (-4)/b. Suppose -5*d + 2*g = -21, 3*d = -4*g - 1 - j. Let h(k) = -k**3 + 4*k**2 + 2*k + 1. Determine h(d).
16
Let h(v) = -211*v + 209*v + v**2 - 2 + 7*v**2. Give h(-1).
8
Let d(a) be the third derivative of a**5/30 + 11*a**4/8 + 79*a**3/6 + 8244*a**2. Give d(-13).
-12
Let j = -724 + 1023. Let a = j - 303. Let f(x) be the third derivative of x**6/120 + x**5/12 + x**4/6 - 2*x**3/3 + x**2. Give f(a).
-4
Let s be (-1)/6 - 155/(-30). Let w(l) = l**2 + 1 - s*l + 6*l - 2 + 8*l**3. Suppose i = k, -k - 380*i + 377*i = -4. Determine w(k).
9
Let j(r) = -1 - r + 8 - r + 3*r. Let q be (-240)/(-135) + (-4)/(-18). Suppose 4*n = 4*k, -q*k - 6 = 2. Calculate j(n).
3
Let w(v) = -v**3 - 5*v**2 - 6*v - 2. Let a(g) = -12*g + 61. Let b be a(5). Let q be b*78/(-21) - (-12)/(-42). Determine w(q).
6
Suppose -4*l = -124 + 12. Let n = l - 21. Suppose -3*b - 8 = n. Let p(m) = -m - 7. Calculate p(b).
-2
Let d(l) = 4*l. Let y(j) = -2*j + 25. Let w = 1 + 10. Let u be y(w). Suppose -u*r - 18 = -9*r. Calculate d(r).
12
Let u(c) = c - 17. Let v be 90/11 - -52*(-46)/13156. What is u(v)?
-9
Let n(c) = -2*c**3 + 2*c**2 + 32*c - 66. Let i be n(2). Let m(o) = 9*o + 56. Determine m(i).
-34
Let r(g) = -g**3 + 3*g**2 + 18*g. Let i = -5445 + 5442. What is r(i)?
0
Suppose 3 = 3*f + 3*u, -3*f = -5*u + 20 - 39. Let r(x) = 2*x**3 + x**2 - 8*x - 5. Calculate r(f).
34
Let c(z) be the third derivative of -13*z**2 + 5/2*z**3 + 0*z - 1/120*z**5 + 0 - 1/8*z**4. Let m(i) be the first derivative of c(i). Calculate m(-8).
5
Let k(h) = 7*h**2 - 18*h + 32. Suppose -25 = -4*u + 3*s, 5 = u + 2*s - 4*s. Let q(c) = 10*c**2 - 27*c + 47. Let o(f) = u*k(f) - 5*q(f). What is o(6)?
7
Let n(s) = -95*s + 287. Let v be n(3). Let p(u) = u**3 - 2*u**2 - 3*u + 5. Calculate p(v).
-1
Let z(s) = 29*s - 1. Let j(d) = -d**2 + 3*d + 5. Let f(r) = r + 5. Let l be f(-1). Let w be j(l). Determine z(w).
28
Let g(h) = h**2 + h - 3. Let o be g(2). Let j be (0 + 3)*(4 - o). Let l be ((-8)/(-12) - 0)*j. Let f(m) = m - 2. What is f(l)?
0
Let o = 181 - 186. Let y be (36/(-8))/(1/(-2)). Let j(w) = y + 0*w*